) = -7*y + 45. Give m(s).
3
Let a(k) = -k**2 - 3*k + 1. Let f(u) = -u**2 + 103*u - 579. Let r be f(6). Calculate a(r).
-17
Let i be (8/24 + 0)/(1/9). Suppose -v + 5 - i = -a, -2*v - 8 = 0. Let d(n) = -2*n**2 - 12*n - 7. Give d(a).
-7
Let o(f) be the third derivative of f**7/840 - f**6/72 + 7*f**5/120 - f**4/4 + 25*f**3/3 - 28*f**2. Let g(p) be the first derivative of o(p). What is g(4)?
6
Let z(g) = -9*g - 1. Let r(t) = 2*t**2 - t + 1. Let n be r(-2). Suppose 297 = -n*j + 8*j. Let d be (-22)/(-18) + 22/j. Determine z(d).
-10
Let t(b) = b**3 - 8*b**2 + 9*b - 4. Suppose 0 = 272*u + 11*u - 1415. Calculate t(u).
-34
Let i(y) = -1 + 819*y**2 + 0 - 14*y - 822*y**2 + 5. What is i(-5)?
-1
Let a(y) = -y**2 - y + 1. Let w(v) = -15*v - 15. Let q be w(10). Let z be q/5*(-2)/6. Suppose -4*i = -3 + z. Give a(i).
-1
Let v(g) = -9*g**3 + g**2 - 6. Let b be v(-2). Let c = b - 66. Let x(m) = -m**2 + 7*m - 6. Calculate x(c).
6
Suppose 5*r + 0*r - 4200 = 0. Let s be (r/(-5))/(-4)*3/9. Let k(z) = -15*z + s*z - 1 + 0. What is k(-2)?
1
Let h(i) = -47*i + 7. Let t(l) = 39*l - 6. Let p(c) = 5*h(c) + 6*t(c). Calculate p(-16).
15
Let n be 2/6 - 10/(-6). Let z be 6*94/(-6)*-2. Let j(r) = -z*r + 16 + 186*r - 17. What is j(n)?
-5
Let p(f) = f**3 - 25*f**2 + 41*f + 110. Let x be 12/14 - (-22165)/1001. Determine p(x).
-5
Let l(r) = -2*r**2 - 9*r + 4. Let t(v) = -v**2 - 17*v + 77. Let a be t(4). Determine l(a).
-31
Let a(u) = -u. Let p(x) = 6*x + 5. Let q(c) = -3*a(c) - p(c). Let o = 177 + -143. Suppose 0 = 4*b + 5*t + o, 10*b - 6*b + 2*t + 28 = 0. What is q(b)?
13
Let y be -3 - -2 - (5 - 1). Let x(n) = n**2 + 6*n + 4. Let p(z) = -5*z - 8*z**2 + 7*z**2 - 5 + 2. Let g(w) = -4*p(w) - 3*x(w). What is g(y)?
15
Let b be 0*(-10)/(28 + -18). Let j(v) be the second derivative of 1/2*v**4 - 5/6*v**3 + 5*v - 5/2*v**2 + b - 1/20*v**5. Give j(5).
-5
Suppose k = -z + 2, -3 = z + 160*k - 158*k. Let m(g) = 2*g**2 - 2 - 7*g + 3 - g**2. Give m(z).
1
Let w(c) be the second derivative of -c**7/1260 + c**5/30 - 3*c**4/2 - c**2/2 + 7*c. Let z(y) be the third derivative of w(y). Determine z(-4).
-28
Let h(s) = -3*s**3 + 4*s**2 - 5*s. Let z(u) be the first derivative of -7*u**4/4 + 8*u**3/3 - 11*u**2/2 + u + 30. Let f(m) = -5*h(m) + 2*z(m). What is f(3)?
2
Let g(d) = -43*d - 43 - 34*d**2 - 8*d**2 + 2141*d**3 - 2142*d**3. What is g(-41)?
39
Let a(g) = -11*g + 1 - 4 - 17 + 7 + 19*g**2. Let b(t) = -54*t**2 + 32*t + 38. Let j(m) = -17*a(m) - 6*b(m). Give j(8).
17
Suppose 0 = -2*t - 2*t + y + 24, -5*t = 3*y - 13. Let a(n) = -6*n - 1 + t - 5 - 6 + 4*n**2. Let g be a(-1). Let z(w) = -w**3 + 2*w**2 + 2*w - 3. Calculate z(g).
-6
Let j(i) = 630*i + 93 - 160*i - 164*i - 157*i - 161*i. Give j(9).
-15
Let m(v) = 2*v - 5. Suppose -3*z - 2*q + 66 = 0, -z - 4*q + 9 = q. Suppose 0 = 2*i - 7*i - 20, -4*u + z = i. What is m(u)?
9
Let j(x) = -451 - 18*x - 2*x**3 - 18*x + 457 + 0*x**2 - 8*x**2 + 31*x. Determine j(-3).
3
Let q(t) = t**2 - 1518*t + 3059*t - 6 - 1533*t. Calculate q(-4).
-22
Let u(g) = 4*g**2 + 14*g - 21*g - 18 + 45. Determine u(4).
63
Suppose -17*b + 15*b = 24*b + 390. Let v(k) = -k**2 - 19*k - 13. Give v(b).
47
Suppose 4*v + 2*r = 18, -5*v - 2*r - 4 + 26 = 0. Suppose 0 = 12*d - v*d - 24. Let j(b) = 7 + 1 - 2*b - 2*b - d*b + b**2. Calculate j(6).
2
Suppose -2*c - 40 = -3*f + 3*c, 3*f + c = 10. Let p be (f/3)/(2/(-6)). Let v(j) be the third derivative of -j**4/8 - j**3 - 2*j**2 - 190*j. Give v(p).
9
Let p(c) = -2*c**2 - 2. Suppose 0 = 12*i - 102 - 126. Suppose -4*t + i*t = 30. What is p(t)?
-10
Let t(o) = 44*o - 117. Let p(w) = 16*w - 40. Let g(u) = -8*p(u) + 3*t(u). What is g(14)?
25
Suppose 0 = -5*q - 7 - 8. Let h = q + -5. Let r(p) = 6*p - 132. Let g(l) = 5*l - 113. Let w(f) = -7*g(f) + 6*r(f). What is w(h)?
-9
Let g(b) = -b + 8. Suppose 264 = 7*z - 849. Let i = -94 + z. Let p = i + -65. Calculate g(p).
8
Let q(r) = 6*r**3 + r**2 - r - 2. Let w = -1529 + 1531. Calculate q(w).
48
Let l(h) = 19 - 433338*h**2 + 26 + 433339*h**2 - 77 + 8*h + 24. Suppose -4*m + m + 9 = 0. Suppose 3*c = -q - 0 - 28, 0 = m*c - 2*q + 25. What is l(c)?
1
Let x = 94 + -82. Let u be ((-14)/(-6))/(x/(-22 - 14)). Let d(c) = c - 6. Determine d(u).
-13
Let k(s) be the second derivative of -s**5/20 - s**4/2 - 7*s**3/6 + s**2/2 + 2*s + 11. Let d be k(-4). Let h(m) = -m**2 - 3*m - 1. Determine h(d).
-1
Let c(m) = -2*m**2 - 20 - 3*m - 9*m + 12 + 11*m - 9*m. Determine c(-5).
-8
Let b(d) = -d**3 + 5*d**2 + 2*d - 3. Suppose 0 = -4*w + 11 - 15. Let j be (w/1 + 2)*36/(-3). Let z = j - -16. Calculate b(z).
21
Let s(n) = 13*n**2 - n + 2. Let z be s(2). Suppose z*u = 57*u - 15. Let t(p) = 9*p**3 - 13*p - 2*p**2 + 8*p + u*p - 1. What is t(-1)?
-10
Let k(b) = -3*b - 3. Let o be k(-3). Let q be (144/20)/o*5. Let t(j) = -3*j**2 + 4*j - 1. Let c(g) = -4*g**2 + 3*g - 1. Let x(y) = -2*c(y) + 3*t(y). Give x(q).
-1
Let c be (20/(-8) + 2)/(2/628). Let z = c - -163. Let t(b) = b**2 - 9*b - 3. Give t(z).
-21
Let c(y) be the first derivative of -y**4/4 + 11*y**3/3 - 11*y**2/2 + 2*y - 7067. Suppose -2*m + 50 = 3*m. Calculate c(m).
-8
Let j(t) = -t + 8 - 10 - 4 + 4 + 2*t - 18. Suppose 4*v = 2*v. Give j(v).
-20
Let q(b) = b + 8. Let k be (278 - -2)*(-4)/(-8). Let i = -147 + k. Determine q(i).
1
Suppose -456 = 5*u + 3*u. Let i = -50 - u. Suppose -3*p = -4*p - i. Let a(r) = r + 5. Determine a(p).
-2
Let l(q) = -16*q - 79 - 77 + 139. Let o be l(-1). Let y(i) = -8*i**3 - 1. Give y(o).
7
Suppose -8*v + 25 = -13*v. Let w(x) be the third derivative of x**5/60 + x**4/4 + x**3/6 - 3*x**2 + 12*x. Give w(v).
-4
Let h(b) = 2*b - 24. Let i be h(12). Let p = -11 - -17. Let u(m) = 6 - 9*m + 4*m - 20 + p*m. Give u(i).
-14
Let g be 1*(7 + -2 + 1). Let k = g + -4. Let l(j) be the first derivative of 5*j**3/3 - j**2 - 2*j - 3907. What is l(k)?
14
Let q(r) = r**3 - 9*r**2 + 17*r - 18. Suppose 119*k + 34 = 123*k - p, 5*p = 2*k - 44. Calculate q(k).
3
Let p(a) = 34*a + 196. Suppose 0 = -12*f - 30 - 9 - 33. What is p(f)?
-8
Let h(p) = 3*p + 4*p + 3745 + 3720 + 3725 - 11262. Determine h(11).
5
Let h(u) = 101*u - 2836. Let m be h(28). Let y(f) = -f**3 - 6*f**2 + 13*f - 9. Calculate y(m).
15
Let v(s) = -2 - 73*s + 75*s + 6 - 2. Let y be 5*(-14)/(-35) - (-2 + 0). Calculate v(y).
10
Let a(z) = z**3 - 11*z**2 + 10*z - 11. Suppose -4*j - b + 11 + 14 = 0, 3*j = -b + 19. Suppose 0 = -j*l - 68 + 128. What is a(l)?
-11
Let d = -10831 - -10836. Let p(r) = -2*r**2 + 3*r - 12. What is p(d)?
-47
Let b = 13 + 9. Let d = b - 14. Let t(f) = 2*f**2 - 6*f**2 - f - d*f**2 + 1 - 2*f**2. Give t(1).
-14
Let s(b) = -36*b + 82. Suppose -66*z + 104*z - 152 = 0. What is s(z)?
-62
Let s(i) = i**2 + 16*i - 220. Let q be s(-25). Suppose 2*c - 9 = -c. Let f be c - -1 - (55 + -5)/q. Let y(l) = -l - 1. Calculate y(f).
5
Let u(x) = 4*x**3 - 1. Suppose 7*i = -4*i + 44. Suppose i*v + 11 = 11. Suppose -8*k - k - 9 = v. Determine u(k).
-5
Let n(r) = -15 + 321*r**2 - 45*r - 322*r**2 + 31*r. Calculate n(-13).
-2
Suppose o = 3*r + 5, -4*o + 0*o + 6 = 2*r. Suppose -o = l - 0. Let q(g) be the second derivative of g**3/2 + g**2/2 - 491*g - 1. Give q(l).
-5
Let l(n) = -2*n + 5. Let g be 2/10 - 676/130. Let u(r) = 4*r - 9. Let m(o) = g*l(o) - 2*u(o). Suppose 19 = 4*w - 5. What is m(w)?
5
Let w(o) = o + 6. Let t = 1554 - 878. Let z = 682 - t. Determine w(z).
12
Suppose 0 = i - 2*i + 5, -4*i = 4*s - 64. Let z(q) be the second derivative of -q**3/6 + 15*q**2/2 - 7*q. Give z(s).
4
Suppose -208 - 4 = -u. Suppose n - u = 3*a + 3*n, -4 = -2*n. Let t = -69 - a. Let z(x) = x**3 - 3*x**2 + 3*x + 2. Calculate z(t).
11
Let f(m) = -2*m + 6. Let g be f(3). Suppose g = 5*z - 2*b - 35, z + 2*b - 20 = 5*b. Let p(h) be the first derivative of -5*h**2/2 + 72. Determine p(z).
-25
Let b(h) = -h**3 + 5*h**2 + 12*h + 7. Let f(p) = -4*p**3 - 23*p**2 - 12*p + 5. Let k be f(-6). Suppose -k = -5*g - 78. Give b(g).
-7
Let r(o) = -3*o + 4. Let p(l) = 2*l - 2. Let z(m) = -2*p(m) - r(m). Let n = 97 + -101. Determine z(n).
4
Let k(d) = -3*d + 1. Suppose -7*f + 5*f = -10. Suppose -f*z - 5 = -5*g, 0 = -0*g + g - 4. Let v be (10 - 8)/(z - 1). What is k(v)?
-2
Let r(f) = -3*f - 16. Let j be r(-6). Let n(h) = 0 + 8*h**2 - h - 7*h**j + 0 + 1. Let p be n(-1). Let i(y) = -y + 4. Give i(p).
1
Let d(n) = -14*n + 456 - 944 + 502 + 3*n + 2*n**2. What is d(7)?
35
Let a(